?
2
What is the tens digit of 1258851238?
3
What is the millions digit of 1709166?
1
What is the thousands digit of 46409973?
9
What is the hundred thousands digit of 26158394?
1
What is the units digit of 46004160?
0
What is the hundreds digit of 491575445?
4
What is the ten millions digit of 55777205?
5
What is the units digit of 77355025?
5
What is the millions digit of 3067549561?
7
What is the hundred thousands digit of 157690446?
6
What is the units digit of 221555004?
4
What is the hundreds digit of 139862256?
2
What is the units digit of 6819594425?
5
What is the hundred thousands digit of 111506619?
5
What is the billions digit of 2684259828?
2
What is the tens digit of 521029561?
6
What is the ten thousands digit of 33452274?
5
What is the hundred thousands digit of 1008890762?
8
What is the thousands digit of 2182781483?
1
What is the hundred thousands digit of 675945072?
9
What is the units digit of 413980215?
5
What is the thousands digit of 30571009?
1
What is the hundred thousands digit of 26280674?
2
What is the thousands digit of 66829963?
9
What is the hundred millions digit of 132439822?
1
What is the thousands digit of 120852250?
2
What is the hundreds digit of 10665640?
6
What is the hundred thousands digit of 12099914?
0
What is the units digit of 10022033?
3
What is the tens digit of 4787888033?
3
What is the millions digit of 2188135736?
8
What is the ten thousands digit of 4126880867?
8
What is the millions digit of 118553196?
8
What is the hundred millions digit of 830928228?
8
What is the thousands digit of 1219085040?
5
What is the ten thousands digit of 175539994?
3
What is the hundred thousands digit of 172535767?
5
What is the units digit of 2364810885?
5
What is the ten millions digit of 395066845?
9
What is the millions digit of 32249471?
2
What is the ten millions digit of 104697703?
0
What is the tens digit of 4451566?
6
What is the ten millions digit of 304062704?
0
What is the ten thousands digit of 113211191?
1
What is the hundred thousands digit of 166047370?
0
What is the ten millions digit of 351626847?
5
What is the hundreds digit of 58616110?
1
What is the thousands digit of 949501183?
1
What is the units digit of 675357498?
8
What is the thousands digit of 1171302087?
2
What is the ten thousands digit of 76275853?
7
What is the tens digit of 4143318491?
9
What is the ten thousands digit of 337081375?
8
What is the thousands digit of 26244167?
4
What is the ten thousands digit of 2846512891?
1
What is the hundreds digit of 181893651?
6
What is the thousands digit of 44575003?
5
What is the hundred thousands digit of 339492899?
4
What is the ten millions digit of 33887740?
3
What is the ten millions digit of 463708043?
6
What is the hundreds digit of 307212850?
8
What is the hundred thousands digit of 810745570?
7
What is the hundreds digit of 70377120?
1
What is the tens digit of 391881228?
2
What is the units digit of 225570105?
5
What is the millions digit of 76350362?
6
What is the hundred thousands digit of 33385298?
3
What is the hundreds digit of 3647167699?
6
What is the tens digit of 367305976?
7
What is the tens digit of 1625999033?
3
What is the millions digit of 1096473910?
6
What is the hundred millions digit of 3404832855?
4
What is the ten thousands digit of 1945611581?
1
What is the units digit of 99304547?
7
What is the hundreds digit of 594293559?
5
What is the millions digit of 8133170?
8
What is the hundred thousands digit of 114715616?
7
What is the hundred millions digit of 853102432?
8
What is the hundred thousands digit of 229934099?
9
What is the ten millions digit of 493292054?
9
What is the ten thousands digit of 155231320?
3
What is the hundreds digit of 547610585?
5
What is the ten thousands digit of 607743561?
4
What is the hundred millions digit of 564342876?
5
What is the hundreds digit of 19320142?
1
What is the units digit of 102679643?
3
What is the hundred thousands digit of 237686182?
6
What is the ten millions digit of 860241333?
6
What is the ten thousands digit of 565167431?
6
What is the millions digit of 3077437226?
7
What is the ten thousands digit of 416191471?
9
What is the tens digit of 14351089?
8
What is the ten thousands digit of 98428993?
2
What is the ten thousands digit of 161859930?
5
What is the hundreds digit of 166605563?
5
What is the thousands digit of 945598115?
8
What is the millions digit of 11291016?
1
What is the ten thousands digit of 777318766?
1
What is the millions digit of 82048585?
2
What is the ten millions digit of 6163309174?
6
What is the units digit of 2280616923?
3
What is the thousands digit of 178567503?
7
What is the hundreds digit of 89067498?
4
What is the hundred thousands digit of 71106346?
1
What is the ten thousands digit of 5582492477?
9
What is the thousands digit of 121973443?
3
What is the thousands digit of 48117264?
7
What is the ten millions digit of 13437810?
1
What is the hundreds digit of 470385650?
6
What is the ten millions digit of 185266503?
8
What is the hundreds digit of 94855573?
5
What is the ten millions digit of 21417914?
2
What is the ten millions digit of 45975100?
4
What is the billions digit of 3532916176?
3
What is the hundreds digit of 586922934?
9
What is the hundred thousands digit of 713208382?
2
What is the millions digit of 728716695?
8
What is the tens digit of 24756157?
5
What is the hundred thousands digit of 5021650203?
6
What is the thousands digit of 648713864?
3
What is the ten thousands digit of 63997165?
9
What is the ten millions digit of 72520295?
7
What is the units digit of 16739423?
3
What is the ten millions digit of 38495537?
3
What is the units digit of 42709196?
6
What is the ten thousands digit of 1841224957?
2
What is the tens digit of 232047985?
8
What is the thousands digit of 35410984?
0
What is the hundreds digit of 1390351276?
2
What is the hundred millions digit of 168318794?
1
What is the units digit of 23410014?
4
What is the millions digit of 323024133?
3
What is the ten thousands digit of 648674571?
7
What is the units digit of 345858146?
6
What is the thousands digit of 1081796617?
6
What is the thousands digit of 30700972?
0
What is the millions digit of 1911158831?
1
What is the ten millions digit of 66547028?
6
What is the ten thousands digit of 80321614?
2
What is the units digit of 5132473813?
3
What is the units digit of 410974984?
4
What is the ten millions digit of 63498767?
6
What is the hundreds digit of 222032891?
8
What is the tens digit of 864266620?
2
What is the thousands digit of 9189085903?
5
What is the thousands digit of 2249279816?
9
What is the millions digit of 91739828?
1
What is the tens digit of 5486699024?
2
What is the hundred millions digit of 675535634?
6
What is the hundred millions digit of 525712493?
5
What is the ten millions digit of 1306442417?
0
What is the ten millions digit of 10764047?
1
What is the tens digit of 350078822?
2
What is the ten thousands digit of 1586754429?
5
What is the ten thousands digit of 58741245?
4
What is the units digit of 1955816933?
3
What is the hundreds digit of 22339421?
4
What is the millions digit of 254747942?
4
What is the ten millions digit of 53739691?
5
What is the units digit of 4395264605?
5
What is the millions digit of 270422863?
0
What is the hundreds digit of 1129445714?
7
What is the millions digit of 5652319952?
2
What is the ten thousands digit of 1406444606?
4
What is the hundred thousands digit of 64529100?
5
What is the hundred thousands digit of 134645847?
6
What is the hundred millions digit of 3197455022?
1
What is the millions digit of 11818983?
1
What is the millions digit of 124076783?
4
What is the tens digit of 4230381300?
0
What is the units digit of 3793942158?
8
What is the ten millions digit of 1823415873?
2
What is the ten thousands digit of 69535324?
3
What is the millions digit of 22015212?
2
What is the ten millions digit of 548638245?
4
What is the hundreds digit of 4953896364?
3
What is the tens digit of 168494439?
3
What is the ten thousands digit of 1629019164?
1
What is the hundreds digit of 465353952?
9
What is the thousands digit of 7156442190?
2
What is the thousands digit of 647309312?
9
What is the millions digit of 368506165?
8
What is the mi